(-5 - (-12 + 4))).
38
What is the value of 66 - (-191 - (-154 - -44))?
147
Evaluate -83 + 150 + -75 + -9.
-17
0 + (-446 + 401 - ((3 - 1 - -1) + 1))
-49
What is the value of (-4 - 22) + (0 - -10) + 64?
48
Calculate 13 - 89 - (32 - 77).
-31
Calculate (2 + -139 - 0) + (-7 + -193 - -213).
-124
Evaluate -4 + 6 - (-47 - -1 - (8 + -26)).
30
What is 1455 + -1538 + 108 + 4?
29
What is 34 - (130 + 9 + -53)?
-52
22 + (49 - 72) + 9
8
-5 + -10 + 32 + (-2 - -14) + 5 + 0
34
What is the value of 36 + -28 + 45 + 5 + -26?
32
Evaluate 66 + -3 - (-18 - -27 - (12 + -1) - 7).
72
What is 155 - (-65 + -146 + 225)?
141
-8 + (20 - 14) + (-19 - -2 - 0) + -9
-28
Calculate -111 - (-45 - (-145 - -111)).
-100
What is the value of (5 - 0 - -3) + -37 + -23 + 40?
-12
(-3 + (4 - 3) - -17) + -718 + 642
-61
What is the value of -1 - (-9 - 1) - (-607 + 646)?
-30
What is the value of 7 - -13 - 44 - (21 - 4)?
-41
What is the value of -1 - (-3 + 9) - (-26 - (7 - 10))?
16
-38 + 117 + ((-8 - -6) + 5 - (4 + -1))
79
Calculate -29 - 6 - (-22 + 17 - 15).
-15
What is the value of -59 + -4 + (12 - (1 - (8 - (18 - -7))))?
-69
Calculate -19 - ((-22 - (33 - 14)) + 3).
19
-5 - (1 + 54 + -23) - 47
-84
Calculate 61 - (-21 + (29 - -3 - -8)).
42
-350 + 319 - (4 - (-6 - 29))
-70
Calculate -1 + -2 + -7 + (-8 - -28) - -6.
16
What is the value of 26 - (-4 + 6) - (-939 - -989)?
-26
Calculate -40 - ((-46 - -129) + -226).
103
What is 0 - -3 - (7 - (-6 - 6 - 91 - -17))?
-90
What is the value of (5 - 5) + 15 - (-136 - -128)?
23
(65 - -13) + -83 - (-2 - -3 - (-74 - 0))
-80
Calculate -8 - -17 - -66 - 105.
-30
Evaluate -1 - (63 + 3 + -3) - (9 + -17 - -8).
-64
Evaluate 2619 + -2721 + 29 + -2.
-75
-14 + -36 + 16 + 33
-1
What is the value of -8 + -31 - (1 - -3 - (38 + -30))?
-35
What is (0 - -25) + (13 - (18 - (12 - 2)))?
30
41 + (24 - (28 + -9) - (0 - -2))
44
-6 + 53 + -65 + 44
26
Evaluate 1 + -11 + (1076 - 1111) + 0 + 39.
-6
Evaluate 41 - (3 - -16) - 84.
-62
What is 120 + (-140 - -47 - -5)?
32
Calculate 28 - (19 - -48 - 81).
42
What is the value of 455 - 413 - (-9 + -8 + 43)?
16
Evaluate (-7 - (-8 - (-6 + -7)) - (-15 + 4)) + 81.
80
Calculate 42 - ((10 - 17) + (-7 - (-4 + -1))).
51
-14 + (-6 - -2) + 3 + -1002 + 1021
4
(7 - (-9 - -46)) + 6
-24
Calculate 50 - (22 + (-32 - -25)) - (1 - 7).
41
-28 - -48 - 19 - (3 - (1 + 0))
-1
What is the value of 2 + -4 - -5 - ((122 - 21) + 16)?
-114
Calculate -68 - (15 + 9 + (-128 - -122 - (8 + 0))).
-78
83 - (-41 + 45 + 157)
-78
(28 + -16 + -10 - (1 - (-31 + -3))) + 6
-27
Calculate -87 + -1 + -59 + 34 + 26 + 18.
-69
Calculate -4 + (-8 - -11) + (19 - 65).
-47
(3 - 17) + 3 + (-33 - -58) + 22
36
Calculate -10071 + 10001 - (1 + 54).
-125
Evaluate (-1 - -26) + 28 + -62 + -61.
-70
Calculate 0 + (8 - (-4 + -3 + 8) - -8) - 9.
6
33 - (99 + -63) - (1 + 36)
-40
(-24 + (-1 + -6 - -21) - 4) + 14
0
Calculate -781 - -760 - (-1 + 26).
-46
Calculate -88 - ((27 - (5 + 13)) + -39 + 18).
-76
Evaluate -16 + 17 - (14 + -16 + 19).
-16
-97 - -1 - (-175 - -406 - 197)
-130
What is -4 + 10 + (5 - (-15 + 36)) - 51?
-61
What is -38 + (15 + -46 + 48 - 89)?
-110
Calculate 98 + (-184 - -83) + (-1 + -1 - (-35 - 0)).
30
What is 85 - (245 + -114 - -35)?
-81
What is the value of -29 + 31 + -34 - (4 - (-1 - 5))?
-42
Calculate -68 - (40 + 74 - 238).
56
Calculate 7 - (13 + -3 + (-26 - -13) + 5 - 25).
30
5 + (56 - (6 + 28))
27
What is (-225 + 202 - (5 + -4 + 2)) + 15?
-11
Calculate (129 + -79 - 52) + (2 - (1 - -2)) + -51.
-54
Evaluate 8 - (5 + 11 + 51 + -38).
-21
24 + -3 - (97 - (-117 - -300))
107
-32 - (-69 + 37 + -14)
14
What is the value of -6 + (-1 - 1) + -3203 + 3229?
18
-16 - (-21 - -5 - (15 + -14))
1
(4 - 19) + 2 - -5 - 3
-11
What is -1 + -3 + (14 - -2) + 15 + -27 + 0?
0
Evaluate 36 + 24 + -19 - 96.
-55
14 + -70 + -10 + -1 + 12 + 11 + 9
-35
Calculate -12 - 1 - (-32 - (-28 + 25 + -21)) - 23.
-28
What is the value of (-9 - (-73 + -9)) + -31?
42
Calculate -24 + 5 + 30 + -21 + -33.
-43
What is -13 - 0 - ((0 - (0 + 20)) + -69 + 67)?
9
What is the value of (15 - -49 - (-7 + 19)) + 12?
64
Calculate -1 + 0 - (-106 - -50 - -102).
-47
What is the value of -2955 + 2965 - (0 + -2 + -1 + 6 + 66)?
-59
Calculate -3 + (7 - -44) - (-9 - (-57 + 43)).
43
What is the value of 2 - -14 - ((36 - 65) + 8)?
37
1 - ((14 - -75) + -49)
-39
What is -14 + 3 + 1903 + -1726 + (-1 - 27)?
138
Calculate 42 + (-70 - -17) - -39.
28
What is the value of -133 + 138 - (-6 + (-3 - -6 - 0))?
8
Calculate -52 + 30 + 19 - (-14 + 2 - 4).
13
1225 + -1213 + (5 - (-7 - (2 - (-4 + 1))))
29
What is the value of (-122 - -74) + 32 - (-13 + -2)?
-1
Evaluate 11451 - 11551 - (0 + -48).
-52
What is -27 + 0 - (1 - 25) - (1 + 3)?
-7
What is -1824 + 1840 - (2 - (3 + (1 - 6)))?
12
What is 18 + -9 + (25 - 20) + 4?
18
What is 118 + (30 - 142) - (62 + 1)?
-57
Calculate -76 + -24 + 43 + 52 - (69 - (-1 + 0)).
-75
-47 + -4 + (-9 - (-14 + (11 - (-5 - -18))))
-44
Evaluate 1 - -17 - (-45 + (-36 - -83)).
16
What is the value of -60 + (-12 - -2) + 3 + 2 - -4 - 7?
-68
-75 + (-27 - (-68 + 21))
-55
-63 - -1 - (-3024 - -2985)
-23
(13 + -7 - 21) + -1 + 6 + 48 + -89
-51
Calculate 48 + (-28 + 57 - 42) - -41.
76
Evaluate -123 - -3 - (2014 - 2029 - (-1 - 3)).
-109
What is the value of (2 + 5 - -5) + (12 - (39 - 0)) + -10?
-25
Evaluate (-30 - (-41 + 32)) + (-2 - -40) + 58.
75
Evaluate (-59 + -8 - -30) + 46.
9
What is -43 - -61 - (-6 + 2 + 12 + -4) - 68?
-54
What is -452 + 581 + 18 + -83?
64
What is -39 + 20 - (25 - 88)?
44
What is -16 + 25 + 2 + 35 + 1 + -15?
32
Evaluate -58 - (-76 + -145 + 95).
68
What is the value of -5 + 62 + (18 - 32)?
43
What is (-12 + 13 - -12 - 2) + -138 - -17?
-110
-10 - (36 + -9 + -22 - (29 - -2))
16
Evaluate (-27 + (25 - -31) - -17 - (0 - -8)) + -14.
24
(-7 - (-9 + 27) - -5) + 116
96
What is the value of -81 + 203 + -61 + (1 - 1 - 13)?
48
Evaluate 9 - 6 - (232 + -283).
54
What is the value of (1 - 41) + 4 + -7 + (5 - (-27 - -24))?
-35
What is 85 - 128 - (-64 - 8)?
29
121 + (-21 - -44 - (21 - -23)) - 9
91
What is (14 - -1 - (-3 + 49) - 12) + -17?
-60
What is the value of -342 + 335 + -2 + (8 - 4)?
-5
(8368 - 8424) + 138 + -1
81
Evaluate -2 + 6 - -6 - (-67 + 25 + -32).
84
Evaluate 74 + (0 - 19 - (436 + -456)).
75
What is 81 + (-74 + -167 - -103)?
-57
Calculate 19 - (9 + 12) - 11 - 27.
-40
Calculate -14 + (-50 - (-15 - -10 - 10)) - -7.
-42
Evaluate -136 - (-20 + -9 + -3) - 7.
-111
What is the value of 27 + 36 - (-14 - (-6 + (1 - 2)))?
70
Calculate 56 - (129 - 53) - 15.
-35
Evaluate (-1 - -2) + 5 - (40 - (41 + -93 - -39)).
-47
Calculate (-6 - 3) + (12 - (-12 + 67)) - (48 + -38).
-62
Calculate (-14 - (-17 + -7)) + (-1 + 5 + -18 - -5).
1
What is the value of 44 - (75 - (-109 + 136))?
-4
What is the value of 0 + -12 - (13 + (-365 - -356 - (-1 - 1)))?
-18
Calculate 61 - ((-113 - -32) + 66).
76
What is 9 + (-1 - -30) + (-305 - -315)?
48
Calculate 7 + (-13 - 13 - -11) + 8 + -54.
-54
What is the value of 17 + -29 + 5 + 39?
32
What is 24 + -24 + (24 - (-30 + 75))?
-21
What is (15 - (0 + -6 - (33 - 37))) + 179 + -170?
26
Evaluate (63 - (-60 + 119)) + (-1 - -19) + -5.
17
Calculate -4550 - -4555 - (1 - 53 - (-10 + 9)).
56
What is -11 - (73 - -15 - 11) - 24 - -20?
-92
Calculate -71 + 90 - 103 - -2.
-82
-77 - -67 - (8 + -3 + 8)
-23
144 - 148 - (-31 + -9 - 0)
36
Evaluate -38 - (-295 + 255 - (-1 + 46)).
47
What is 3 + 8 + -9 - -98 - (-174 + 164)?
110
What is the value of 56 + 7 + -4 + -28?
31
(-114 - (-87 + -150)) + -139
-16
What is (7 - (-1 + -5 + 47 + -48 - -19)) + -64?
-69
-195 + -19 - -193 - (-102 + -1)
82
What is the value of -62 + 153 + (-7 - (-1 + (0 - 11)))?
96
Evaluate 11 + (7 - 10) + (-3 - -9) + 2.
16
Calculate -18 + 2 + 743 + -743.
-16
Evaluate (8 - ((38 - -9) + (-14 - -20))) + -9.
-54
What is the value of -9 + -18 - (-3 + 40 - 136)?
72
What is 34 + -14 + -19 + 18 + 1?
20
What is 6 - (39 - 4) - (-135 - -176)?
-70
Evaluate -2 + -11 + (76 - 99 - (-15 - -1)).
-22
Calculate -9 + (324 - 337 - (2 + -32)).
8
What is the value of -474 + 511 + 10 + (-7 - 9)?
31
What is the value of (63 - (23 - 29)) + -17 + (6 - 6)?
52
-4 - (4 - (-23 + 18 - 2))
-15
What is 2 + (9 - (-6 + -1) - 7) + 87 + -3?
95
What is the value of (-8 - -4) + -33 + (45 - (82 + -43))?
-31
Evaluate -79 - (-51 - (7 + -20)).
-41
-11 + (32 - -59 - 87)
-7
What is the value of 39 - (98 - 53 - 28)?
22
-8050 + 8066 + ((0 